a composite number?
True
Is 13671799 prime?
True
Is 34685669 a prime number?
True
Is 3545161 a prime number?
True
Is 14446573 a prime number?
False
Is 5438791 prime?
True
Is 2825117 a composite number?
False
Is 51988189 a prime number?
False
Is 187987469 composite?
False
Is 11077237 prime?
False
Is 2687207 a composite number?
True
Is 591917 a prime number?
False
Is 37272605 a prime number?
False
Is 13901413 prime?
True
Is 16286621 a prime number?
False
Is 829319 a composite number?
False
Is 98939639 prime?
True
Is 25463171 prime?
True
Is 98999427 a composite number?
True
Is 579596909 a composite number?
False
Is 21816869 a prime number?
True
Is 33314767 prime?
False
Is 19754261 a composite number?
True
Is 26972861 a composite number?
True
Is 28711379 a composite number?
True
Is 6383761 prime?
False
Is 65724143 a prime number?
True
Is 1244249 a prime number?
True
Is 5774453 prime?
True
Is 9507359 composite?
True
Is 293611 a prime number?
False
Is 102166531 a composite number?
True
Is 94647281 composite?
False
Is 2527687 prime?
False
Is 27916903 a composite number?
True
Is 40394194 composite?
True
Is 561639523 composite?
True
Is 8084099 a composite number?
False
Is 96664411 composite?
False
Is 58019747 prime?
True
Is 653583127 composite?
False
Is 86683 composite?
True
Is 668687 a prime number?
True
Is 4276721 a composite number?
False
Is 807711131 a prime number?
True
Is 8525191 composite?
False
Is 4829219 a composite number?
False
Is 6752147 a prime number?
False
Is 122259899 composite?
False
Is 160618157 a prime number?
False
Is 1966649 prime?
False
Is 9031057 prime?
False
Is 89027 composite?
True
Is 57078889 a prime number?
False
Is 33172793 composite?
False
Is 104132501 prime?
False
Is 317933507 a composite number?
True
Is 6325747 composite?
False
Is 102871 a composite number?
False
Is 31089017 a composite number?
True
Is 398953 prime?
False
Is 27729439 a prime number?
False
Is 835637 composite?
True
Is 230999 a composite number?
False
Is 273569 a prime number?
True
Is 2408377 prime?
False
Is 7613587 a composite number?
True
Is 33590017 a prime number?
False
Is 271186039 composite?
False
Is 19293107 composite?
False
Is 34432697 composite?
True
Is 158963 a prime number?
False
Is 5036261 a prime number?
True
Is 715146517 a prime number?
True
Is 58110359 composite?
False
Is 18883259 a composite number?
False
Is 5334211 prime?
True
Is 5557133 composite?
False
Is 8992619 a composite number?
False
Is 135710251 a prime number?
True
Is 2533499 composite?
False
Is 2433997 a prime number?
False
Is 21981367 composite?
True
Is 7669849 a prime number?
False
Is 173237 a prime number?
False
Is 1415387 a prime number?
True
Is 18976387 prime?
False
Is 43902343 a prime number?
False
Is 1621127 a prime number?
True
Is 1345123 a composite number?
True
Is 154406341 a composite number?
False
Is 16499017 a composite number?
True
Is 7028801 a prime number?
False
Is 15387763 prime?
True
Is 845771 composite?
False
Is 2465987 prime?
False
Is 1459099 prime?
True
Is 2553401 prime?
False
Is 100820389 a composite number?
True
Is 205522 prime?
False
Is 6588743 a prime number?
False
Is 6253693 a prime number?
True
Is 9394961 prime?
True
Is 10569553 composite?
False
Is 22384823 prime?
True
Is 102224239 composite?
True
Is 103837399 composite?
True
Is 870781 a prime number?
False
Is 97231 a prime number?
True
Is 4631945 a composite number?
True
Is 32340523 a prime number?
True
Is 53038537 a prime number?
True
Is 3168653 composite?
False
Is 2225471 a composite number?
True
Is 982903 composite?
False
Is 111374581 a prime number?
True
Is 137565413 a composite number?
False
Is 171590399 prime?
True
Is 3606617 a composite number?
True
Is 26517749 a composite number?
True
Is 44609531 composite?
True
Is 127187219 prime?
True
Is 138412933 a prime number?
True
Is 4277621 prime?
True
Is 16472959 prime?
True
Is 34742569 a composite number?
True
Is 24014269 prime?
True
Is 30663719 a prime number?
True
Is 130500163 prime?
False
Is 927709 a prime number?
True
Is 223531085 composite?
True
Is 9867401 prime?
False
Is 1199767 composite?
False
Is 1185013 a prime number?
True
Is 1020667 a prime number?
True
Is 1668527 a composite number?
True
Is 184796539 prime?
True
Is 35845643 composite?
False
Is 1707331 a composite number?
False
Is 202799 a composite number?
False
Is 2718267 prime?
False
Is 151401061 prime?
False
Is 13452191 a prime number?
False
Is 7091489 composite?
False
Is 20537563 prime?
True
Is 1024948417 a composite number?
False
Is 8216269 composite?
False
Is 495091 prime?
False
Is 83496139 prime?
False
Is 452243 prime?
False
Is 3434701 a composite number?
False
Is 118064971 composite?
True
Is 592613 a prime number?
False
Is 20292409 prime?
True
Is 61378869 composite?
True
Is 153107 composite?
False
Is 32691973 composite?
False
Is 438799 a composite number?
True
Is 1027643 a composite number?
False
Is 360620773 composite?
False
Is 7031083 a prime number?
False
Is 2488729 a composite number?
True
Is 19830361 prime?
False
Is 102261839 a prime number?
False
Is 3004187 a prime number?
False
Is 880955 a composite number?
True
Is 11970157 a composite number?
False
Is 8009863 composite?
False
Is 33625087 prime?
True
Is 42626041 a prime number?
True
Is 11716933 prime?
True
Is 294831761 a composite number?
True
Is 4926655 composite?
True
Is 239215533 a prime number?
False
Is 2892437 composite?
True
Is 11989478 composite?
True
Is 111437041 a prime number?
True
Is 9144923 a prime number?
False
Is 16485077 a prime number?
False
Is 232231211 a prime number?
True
Is 62026889 a composite number?
False
Is 469574305 composite?
True
Is 20073241 composite?
True
Is 72074593 a prime number?
False
Is 7261153 a composite number?
False
Is 29168729 prime?
False
Is 1045273 a prime number?
True
Is 14471183 a prime number?
True
Is 4074599 a composite number?
True
Is 281501977 a composite number?
True
Is 199339 a composite number?
True
Is 19186451 composite?
False
Is 15769801 prime?
True
Is 49114891 prime?
False
Is 1723903 prime?
True
Is 3167401 prime?
True
Is 36517651 a prime number?
True
Is 4930379 composite?
False
Is 260713 prime?
True
Is 26213947 composite?
False
Is 881311 a composite number?
False
Is 65258227 a composite number?
True
Is 111949651 a prime number?
False
Is 14272053 composite?
True
Is 44414551 a prime number?
False
Is 563613955 prime?
False
Is 5258503 prime?
True
Is 250671649 prime?
True
Is 1080113 prime?
False
Is 170800283 prime?
False
Is 2975185 prime?
False
Is 5396998 a composite number?
True
Is 1227379 a prime number?
True
Is 111768161 a composite number?
False
Is 559201 a prime number?
True
Is 1183109 prime?
False
Is 1670909 a composite number?
True
Is 434666579 a composite number?
False
Is 79785049 prime?
True
Is 264623 prime?
False
Is 8118137 prime?
True
Is 175030041 a composite number?
True
Is 54278023 composite?
False
Is 427503 a composite number?
True
Is 2139749 a prime number?
False
Is 333323 a composite number?
False
Is 27613633 composite?
True
Is 3220577 a composite number?
False
Is 20220943 composite?
True
Is 15941009 a prime number?
False
Is 188315353 a prime number?
True
Is 25202183 a composite number?
True
Is 18358817 composite?
False
Is 127809049 prime?
True
Is 494821895 composite?
True
Is 8072827 prime?
False
Is 3568967 a prime number?
False
Is 215485729 a prime number?
True
Is 799699279 a prime number?
True
Is 42351833 prime?
False
Is 8009311 composite?
True
Is 134887 a prime number?
True
Is 1604809 prime?
True
Is 2658827 prime?
True
Is 10120109 a prime number?
True
Is 18353681 a prime number?
True
Is 6632777 a prime number?
True
Is 17439137 composite?
True
Is 958597 a composite number?
True
Is 1105172651 a composite number?
True
Is 2147433567 composite?
True
Is 1628201 composite?
True
Is 232896311 a prime number?
False
Is 4309693 prime?
True
Is 8160665 a prime number?
False
Is 55865479 composite?
True
Is 2922511 a composite number?
True
Is 5225411 a prime number?
False
Is 753973 composite?
True
Is 115283977 composite?
False
Is 37312801 composite?
False
Is 1434653 a composite number?
True
Is 174029437 prime?
True
Is 198280909 a prime number?
False
Is 175872203 prime?
False
Is 9139862 prime?
False
Is 840855167 composite?
False
Is 12505379 a prime number?
False
Is 98284441